rs of k?
3, 11
Suppose -8*u - 1166 + 3750 = 0. What are the prime factors of u?
17, 19
Suppose 4*h = -h + 20. Suppose 11 = -h*k + 5*m, 5*m = -k - k + 17. Suppose -q + k = -5. List the prime factors of q.
2, 3
Let c(q) = q + 2. Let m be c(-6). Suppose 4*d - 306 = -2*r, 2*r + 281 = 4*d - 21. List the prime factors of d/6 - m/(-6).
2, 3
Suppose 0 = 3*g - 2*v - 67, 4*g - 2*v - 86 = -0*v. Suppose -3*a + g + 78 = -5*p, -2*a - 3*p = -52. List the prime factors of a.
29
Suppose -5*h - 20 = 0, 5*h - 9*h - 121 = -5*n. List the prime factors of n.
3, 7
Suppose -5*o = -r + 6, 6*r - 30 = r + 4*o. Suppose -2 = -c - r. Let g = 14 + c. List the prime factors of g.
2, 5
Suppose -2*m = -8 + 2. Suppose 5*q - 19 - 1 = 5*p, -12 = -5*q - m*p. List the prime factors of -6*q/2*-1.
3
Suppose -2*u + 2*t + 448 = 0, -5*u + 292 = -4*t - 828. What are the prime factors of u?
2, 7
List the prime factors of (0 - -3)/(-3)*-21.
3, 7
Let q be (32/(-24))/(4/(-54)). Suppose -3*v + q = -27. What are the prime factors of v?
3, 5
Suppose -3*a + 6 = -9. Suppose -45 = g - 2*g - a*u, -5*u + 145 = 3*g. Suppose 2*w = 7*w - g. List the prime factors of w.
2, 5
Suppose 42 - 247 = -5*k. What are the prime factors of k?
41
Suppose u + 6 - 4 = 0. Let p be (-18)/u*2/3. Suppose 3*m - 15 - p = 0. What are the prime factors of m?
7
Suppose 4*x = 2*d + 14, -4*d - x + 37 = 4*x. Suppose 0 = -d*z + 15 - 6. Suppose -4*a + 7 = -z*a. What are the prime factors of a?
7
Let v be (-4)/(-10) - (-112)/20. Suppose -v*n + 285 = -n. List the prime factors of n.
3, 19
Let f = -6 - -1. Let k(n) = -n + 1. What are the prime factors of k(f)?
2, 3
Let m(u) = -u**3 + 1. Let a be m(-1). Suppose -a*o + f + 43 = -0*o, -5*f - 95 = -5*o. List the prime factors of o.
2, 3
Suppose 9*y - 236 = 421. What are the prime factors of y?
73
Suppose j + 3*j = 0. Suppose 0*w + 5*w = j. Suppose 0 = -w*q + q - 8. What are the prime factors of q?
2
Suppose 7*m - 4*m = 246. List the prime factors of m.
2, 41
Let r(y) = 12*y - 5. Let u be r(5). Suppose 4*d - u = -7. What are the prime factors of d?
2, 3
Let w(s) = 4*s**3 - s**2 + s + 1. Let k be w(2). What are the prime factors of k/3 + (-2)/6?
2, 5
Let k = -91 - -176. What are the prime factors of k?
5, 17
Let t(a) = 5*a**2 + 1. Let j be t(-1). List the prime factors of j/((-38)/(-16) + -2).
2
Suppose 0 = -2*r + r + 2*n + 37, 5*n = 5*r - 175. Suppose -4*x + r = 3*u - 4, 0 = x - 2*u - 1. What are the prime factors of x?
7
Let g(i) = i**2 + 5*i - 4. Let c be g(-6). Let q(t) = 2*t - t - 3 - 2*t + t**3 - 2*t**2 + 4*t. What are the prime factors of q(c)?
3
Suppose 0 = 5*t - 20 + 5. Let f = 27 - t. List the prime factors of f.
2, 3
Let r(s) = 3*s + 29. Let d be r(0). Let j = d - 18. List the prime factors of j.
11
Let k(z) = -60*z + 2. List the prime factors of k(-1).
2, 31
Let k(a) = 3*a**2 - 16*a - 54. What are the prime factors of k(-9)?
3, 37
Let i = -33 + 43. Let a be 1/3 + (-43)/3. List the prime factors of (-1 + a)*(-4)/i.
2, 3
Suppose -5*y = -45 - 0. Let n(x) = 5*x - 2. List the prime factors of n(y).
43
Suppose 3*s + 89 = 4*s. What are the prime factors of s?
89
Suppose 0 + 97 = l. List the prime factors of l.
97
Let b(p) = -p - 1. Let s be b(-2). Let w(f) = -f**3 - 2*f**2 + 2*f - 1. Let c be w(s). Let m = 11 + c. What are the prime factors of m?
3
Suppose -177 = -4*f + 3*f. List the prime factors of f.
3, 59
Suppose -334 = n - 5*n + 2*o, -4*o + 411 = 5*n. What are the prime factors of n?
83
Suppose s - 2 - 1 = 0, -4*o + 639 = s. What are the prime factors of o?
3, 53
Let g = -143 + 100. Let j = g + 2. Let x = -22 - j. List the prime factors of x.
19
Suppose d - 15 = 4*z, 3*d = 6*z - 2*z + 85. What are the prime factors of d?
5, 7
Let a(w) = -3*w + 16 + w + 4*w. Let k be a(-11). Let o(y) = -y**3 - 5*y**2 + 2*y - 5. List the prime factors of o(k).
19
Suppose 32 = o + 1. List the prime factors of o.
31
Let p = -2 - 2. Let z be p*3/6 - -4. Suppose -z + 16 = 2*o. What are the prime factors of o?
7
Let m(o) = o**3 + 9*o**2 + 10*o + 5. Let i be m(-7). Suppose 103 = 5*j + i. What are the prime factors of j?
2, 7
Let o be (-42)/(-2) + -1 + 0. Suppose a = -4*a + o. What are the prime factors of a?
2
Let q(x) be the first derivative of -1/2*x**2 - 4*x - 3. What are the prime factors of q(-8)?
2
Suppose -c + 5 = 0, r - 3*c + 3 = -3*r. Suppose -r*f = -f - 8. Let v(y) = y**2 - 2*y - 2. List the prime factors of v(f).
2, 3
List the prime factors of (-1 - -2) + (73 - (-9 + 5)).
2, 3, 13
Let m = 545 + -387. What are the prime factors of m?
2, 79
Suppose 5*b - 1369 = -4*s, -3*s = -4*s - 5*b + 331. List the prime factors of (-8)/(-28) - s/(-14).
5
Suppose 4*a - 7*a + 3*s = -888, -s = 3. List the prime factors of a.
293
Let f = -111 - -166. What are the prime factors of f?
5, 11
Suppose 17 - 62 = -s. Suppose -u - 2*u = 4*q - 48, -5*q = 3*u - s. List the prime factors of u.
2, 5
Let a(u) be the third derivative of -u**6/120 - u**5/6 + 3*u**3/2 - 3*u**2. List the prime factors of a(-10).
3
Let m be (1/(-3) - -2)*3. Suppose 5*q - 4*c - 23 = 0, m*q = -5*c + 9 + 41. List the prime factors of q.
7
Let d be (-56)/(-10) - 12/(-30). Suppose -p + 20 = -4*o, -o + 3*p + 0 = -d. Let l = -4 - o. List the prime factors of l.
2
Let h(k) = k**2 - 9*k - 2. Let q be h(8). What are the prime factors of q/45 - 236/(-9)?
2, 13
Suppose 0 = -13*v + 9*v + 144. List the prime factors of v.
2, 3
Suppose 4*r - 13 = c, c - 3*r + 6*r - 15 = 0. Suppose -64 = -7*l + c*l. List the prime factors of l.
2
Suppose -3*b - 5*d + 278 = 0, -48 = -b - 3*d + 50. What are the prime factors of b?
2, 43
Let s(j) = 2*j**3 - j - 3. Let l be s(3). Suppose -3*o - 2*y = -47 - l, -5*o - 3*y + 159 = 0. List the prime factors of o.
3, 11
Suppose 3*v + v = 12. Suppose -v*j - 16 - 8 = -3*n, -10 = -n + 2*j. Suppose -4*f + 14 = -n. What are the prime factors of f?
5
List the prime factors of (-6)/(-1)*(3 + -1).
2, 3
Let u(b) = b**3 + 6*b**2 - 8*b - 5. Let p be u(-7). Suppose 3 = -p*o + 1. List the prime factors of -11*(-3)/((-3)/o).
11
Let i = -126 - -250. What are the prime factors of i?
2, 31
Suppose 2*a - 38 = -2*j, -a = 4*a. List the prime factors of j.
19
Let k(a) = 4*a + 2. Let t be k(3). Let i = -3 + t. List the prime factors of i.
11
Let a = 29 + -19. Let c be 45/a*(-52)/3. List the prime factors of 1/4 - c/8.
2, 5
List the prime factors of (0 + (-24)/(-5))*200/15.
2
Suppose -3 = -o + 5*c + 13, -5*o - 2*c + 26 = 0. What are the prime factors of o?
2, 3
Let m(y) = -34*y - 6. What are the prime factors of m(-2)?
2, 31
Let q = -85 + 254. What are the prime factors of q?
13
Suppose 3*g - 6 = x, -3*g - 7 = 2*x + 5. Let p(k) = -10*k - 11. What are the prime factors of p(x)?
7
Let h = 21 + 16. What are the prime factors of h?
37
Let l = 20 + -18. What are the prime factors of (-228)/(-16) + l/(-8)?
2, 7
Let j(v) = -v**2 - 5*v + 3. Let z be j(-6). Let w = z + 6. What are the prime factors of w?
3
Let w(z) = 3*z**2 + 4*z - 17. What are the prime factors of w(3)?
2, 11
Suppose -3 = -w + 1. Suppose w + 4 = 4*n. What are the prime factors of n?
2
Suppose 1 = 4*k - 3. Let q(u) = 16*u - 1. Let w be q(k). Suppose 3*o = w, -o + 2*o = 5*b - 10. List the prime factors of b.
3
Let t = 2 - 2. Let z = 0 - t. What are the prime factors of -1*(z + -7)*2?
2, 7
Suppose -64 = -5*p - 2*j, -j + 34 = 3*p - 2*j. Let v be p/(-42) - (-2)/7. Let q = 2 + v. List the prime factors of q.
2
Suppose -119 = -2*p + 3*q, 3*q + 20 = 3*p - 157. List the prime factors of p.
2, 29
Suppose 702 = -15*a + 21*a. What are the prime factors of a?
3, 13
Let d(y) = -y**2 + 6*y - 3. Let q be d(6). Let k be (-7)/(1 - q/(-2)). Suppose -t + j + k = 6, -t - 2*j + 2 = 0. List the prime factors of t.
2, 3
Let s = 21 + -9. List the prime factors of s.
2, 3
Suppose 4*p = 2*i + 38, -3*i + 47 = -4*i - 5*p. Let c = -10 - i. What are the prime factors of c?
17
Suppose 2*f - 5 = f. Suppose 2*n - 8 = -2*w + 5*n, f*w = -5*n + 20. What are the prime factors of w?
2
List the prime factors of 178/2 - 18/(-12)*-2.
2, 43
What are the prime factors of ((-2)/(-6))/((-3)/(-279) - 0)?
31
Suppose -4*q = -q - 4*p - 26, -27 = -q + 5*p. Suppose -3*g = -w + 1, 2*w + q*g - 32 = -2*g. What are the prime factors of w?
2, 5
Let j(n) = n**2 - 2. Let o = -2 + 2. Let r = -2 - o. List the prime factors of j(r).
2
Let c(v) = v**3 - v**2.